{"version":"1.0","provider_name":"HC Marbella","provider_url":"https:\/\/www.hcmarbella.com\/en","author_name":"BLANhc15","author_url":"https:\/\/www.hcmarbella.com\/en\/author\/blanhc15\/","title":"Inauguraci\u00f3n de HC Ceuta - HC Marbella","type":"rich","width":600,"height":338,"html":"<blockquote class=\"wp-embedded-content\" data-secret=\"nNFj8nJfEG\"><a href=\"https:\/\/www.hcmarbella.com\/en\/inauguracion-hc-ceuta\/\">Inauguraci\u00f3n de HC Ceuta<\/a><\/blockquote><iframe sandbox=\"allow-scripts\" security=\"restricted\" src=\"https:\/\/www.hcmarbella.com\/en\/inauguracion-hc-ceuta\/embed\/#?secret=nNFj8nJfEG\" width=\"600\" height=\"338\" title=\"&#8220;Inauguraci\u00f3n de HC Ceuta&#8221; &#8212; HC Marbella\" data-secret=\"nNFj8nJfEG\" frameborder=\"0\" marginwidth=\"0\" marginheight=\"0\" scrolling=\"no\" class=\"wp-embedded-content\"><\/iframe><script type=\"text\/javascript\">\n\/* <![CDATA[ *\/\n\/*! This file is auto-generated *\/\n!function(d,l){\"use strict\";l.querySelector&&d.addEventListener&&\"undefined\"!=typeof URL&&(d.wp=d.wp||{},d.wp.receiveEmbedMessage||(d.wp.receiveEmbedMessage=function(e){var t=e.data;if((t||t.secret||t.message||t.value)&&!\/[^a-zA-Z0-9]\/.test(t.secret)){for(var s,r,n,a=l.querySelectorAll('iframe[data-secret=\"'+t.secret+'\"]'),o=l.querySelectorAll('blockquote[data-secret=\"'+t.secret+'\"]'),c=new RegExp(\"^https?:$\",\"i\"),i=0;i<o.length;i++)o[i].style.display=\"none\";for(i=0;i<a.length;i++)s=a[i],e.source===s.contentWindow&&(s.removeAttribute(\"style\"),\"height\"===t.message?(1e3<(r=parseInt(t.value,10))?r=1e3:~~r<200&&(r=200),s.height=r):\"link\"===t.message&&(r=new URL(s.getAttribute(\"src\")),n=new URL(t.value),c.test(n.protocol))&&n.host===r.host&&l.activeElement===s&&(d.top.location.href=t.value))}},d.addEventListener(\"message\",d.wp.receiveEmbedMessage,!1),l.addEventListener(\"DOMContentLoaded\",function(){for(var e,t,s=l.querySelectorAll(\"iframe.wp-embedded-content\"),r=0;r<s.length;r++)(t=(e=s[r]).getAttribute(\"data-secret\"))||(t=Math.random().toString(36).substring(2,12),e.src+=\"#?secret=\"+t,e.setAttribute(\"data-secret\",t)),e.contentWindow.postMessage({message:\"ready\",secret:t},\"*\")},!1)))}(window,document);\n\/\/# sourceURL=https:\/\/www.hcmarbella.com\/wp-includes\/js\/wp-embed.min.js\n\/* ]]> *\/\n<\/script>\n","thumbnail_url":"https:\/\/www.hcmarbella.com\/wp-content\/uploads\/2016\/04\/inauguracion_laverdad_de_ceuta.jpg","thumbnail_width":502,"thumbnail_height":800,"description":"Ayer, d\u00eda 14 de Abril, tuvo lugar la inauguraci\u00f3n de HC Ceuta, nuestro nuevo Centro M\u00e9dico de Especialidades en Ceuta. Al evento no faltaron ni el presidente de la ciudad, D. Juan Vivas, ni el delegado del Gobierno, D. Nicol\u00e1s Fern\u00e1ndez Cucurull."}

Inauguración de HC Ceuta - HC Marbella

<blockquote class="wp-embedded-content" data-secret="nNFj8nJfEG"><a href="https://www.hcmarbella.com/en/inauguracion-hc-ceuta/">Inauguración de HC Ceuta</a></blockquote><iframe sandbox="allow-scripts" security="restricted" src="https://www.hcmarbella.com/en/inauguracion-hc-ceuta/embed/#?secret=nNFj8nJfEG" width="600" height="338" title="&#8220;Inauguración de HC Ceuta&#8221; &#8212; HC Marbella" data-secret="nNFj8nJfEG" frameborder="0" marginwidth="0" marginheight="0" scrolling="no" class="wp-embedded-content"></iframe><script type="text/javascript">
/* <![CDATA[ */
/*! This file is auto-generated */
!function(d,l){"use strict";l.querySelector&&d.addEventListener&&"undefined"!=typeof URL&&(d.wp=d.wp||{},d.wp.receiveEmbedMessage||(d.wp.receiveEmbedMessage=function(e){var t=e.data;if((t||t.secret||t.message||t.value)&&!/[^a-zA-Z0-9]/.test(t.secret)){for(var s,r,n,a=l.querySelectorAll('iframe[data-secret="'+t.secret+'"]'),o=l.querySelectorAll('blockquote[data-secret="'+t.secret+'"]'),c=new RegExp("^https?:$","i"),i=0;i<o.length;i++)o[i].style.display="none";for(i=0;i<a.length;i++)s=a[i],e.source===s.contentWindow&&(s.removeAttribute("style"),"height"===t.message?(1e3<(r=parseInt(t.value,10))?r=1e3:~~r<200&&(r=200),s.height=r):"link"===t.message&&(r=new URL(s.getAttribute("src")),n=new URL(t.value),c.test(n.protocol))&&n.host===r.host&&l.activeElement===s&&(d.top.location.href=t.value))}},d.addEventListener("message",d.wp.receiveEmbedMessage,!1),l.addEventListener("DOMContentLoaded",function(){for(var e,t,s=l.querySelectorAll("iframe.wp-embedded-content"),r=0;r<s.length;r++)(t=(e=s[r]).getAttribute("data-secret"))||(t=Math.random().toString(36).substring(2,12),e.src+="#?secret="+t,e.setAttribute("data-secret",t)),e.contentWindow.postMessage({message:"ready",secret:t},"*")},!1)))}(window,document);
//# sourceURL=https://www.hcmarbella.com/wp-includes/js/wp-embed.min.js
/* ]]> */
</script>

Ayer, día 14 de Abril, tuvo lugar la inauguración de HC Ceuta, nuestro nuevo Centro Médico de Especialidades en Ceuta. Al evento no faltaron ni el presidente de la ciudad, D. Juan Vivas, ni el delegado del Gobierno, D. Nicolás Fernández Cucurull.
